er when 39 is divided by b?
9
Let p(r) = -3*r**2 - 16*r - 6. Calculate the remainder when 37 is divided by p(-4).
7
Let q = -274 + 332. Suppose -78 = -5*v - 3. Calculate the remainder when q is divided by v.
13
Let m(f) = f**2 + 8*f + 3. Let u be m(-7). Let y(g) = -g**3 - 3*g**2 - 3*g - 6. Calculate the remainder when 107 is divided by y(u).
19
Let n = -46 + 78. Suppose 36*y = 1150 + 1118. What is the remainder when y is divided by n?
31
Suppose -5*i - 14*i + 342 = 0. Calculate the remainder when i is divided by 4.
2
Suppose -5*a + 5*q + 28 + 32 = 0, 4*a - q - 48 = 0. Let r be 8/28 - 186/14. Let d = r - -20. What is the remainder when a is divided by d?
5
Let k(q) = 15*q**3 + q**2 + q - 1. What is the remainder when (-107)/(-4) - (86/(-24) - (-460)/138) is divided by k(1)?
11
Let b = -18 + 21. Suppose 2*h - 5*h - 2*s + 39 = 0, -h + 5*s + 13 = 0. Let y = h + b. What is the remainder when 61 is divided by y?
13
Let p(s) be the first derivative of -s**2/2 + 7*s + 18. Calculate the remainder when 24 is divided by p(-8).
9
What is the remainder when ((-104)/12 - -9)*(-201)/(-1) is divided by 12?
7
Suppose -7013 = -32*y + 987. What is the remainder when y is divided by 18?
16
Suppose 3*z - 127 = -b, 0*z = 4*z - 4*b - 180. Let d(y) = y**2 + 3*y + 3. Let l be d(-5). Let r = l + 2. What is the remainder when z is divided by r?
13
Let c(v) = -v**2 - v - 1. Let o be c(-1). Let r be (3 - o)*24/32. What is the remainder when ((-3)/1)/r - -48 is divided by 16?
15
Suppose -r = -p - 150, 0 = 5*r - 0*p + 3*p - 750. Suppose -r = 7*k - 5*k. What is the remainder when 44 is divided by -4*(k/(-4))/(-5)?
14
Suppose 0 = 4*j + 4*n - 108, 5*n = 6*j - j - 155. What is the remainder when 108 is divided by j?
21
Suppose 136 - 22 = 3*d. Suppose 4*i = -2*q + 8*i + 300, -4*i = 4. What is the remainder when q is divided by d?
34
Let o(r) = -226 + 226 + 3*r**2 + 4*r**3 - 3*r. Suppose 2*u + 2*k - 18 = 0, 2*k + 50 - 16 = 2*u. Calculate the remainder when o(2) is divided by u.
12
Let y(n) = 13*n**3 + n**2 - 8*n + 7. Suppose -4*k + 120 = -76. Calculate the remainder when k is divided by y(1).
10
Suppose 3*h = u + 63, 25 = 2*h - 3*u - 24. Let q(v) = -v**3 - 11*v**2 + 9*v + 1. What is the remainder when q(-12) is divided by h?
17
Let l be (-1 + -1)/2 - -4. Suppose 4*h - l = h. Let w(n) = n**3 + 31*n**2 - 30*n + 65. Calculate the remainder when w(-32) is divided by h.
0
Let w = -6 - -8. Suppose a + w = 18. Suppose 0 = -4*z + 12 + 12. What is the remainder when a is divided by z?
4
Let b = 39 - 31. Suppose 6 = -6*f + b*f. What is the remainder when 18 is divided by f?
0
Suppose 2 = -3*p + 2*p. Calculate the remainder when p*-15*2/4 is divided by (-45)/15 - (1 - 12).
7
Suppose 3*a + 0*a - 15 = 0. Let z(y) = y + 3. Suppose -x + 5*l - 3 = 1, -4*x - l = -47. What is the remainder when z(x) is divided by a?
4
Calculate the remainder when 1/(-2) + 7/(56/492) is divided by 13.
9
Let t = -28 + 17. Let d = 9 - t. What is the remainder when d is divided by 11?
9
Suppose -5*s + 0*s - 4*o = -26, -3*s + o = -2. Suppose -5*h - s*h = -119. Calculate the remainder when 33 is divided by h.
16
Let i(j) = -j**2 - 28*j - 57. Calculate the remainder when i(-6) is divided by 39.
36
Let h = 215 + -160. Suppose t + 25 = 2*t - o, 2*o = -8. Calculate the remainder when h is divided by t.
13
Let w = 41 - -17. Suppose -3*j - g + 9 = -31, 2*g = 8. What is the remainder when w is divided by j?
10
What is the remainder when (-26)/(-1) - (-19 + 16) is divided by 10?
9
Suppose -23 = -4*k - 5*o - 0, 3*o - 7 = k. Suppose 73 = 2*h + 5. Suppose 5*u + 3*j - h = 4*u, k*u - 43 = -j. What is the remainder when 73 is divided by u?
16
Suppose -23 = 5*q - 23. Suppose q = 2*y + 4*o - 66, 0*y - 3*y + 99 = -5*o. Calculate the remainder when y is divided by 17.
16
Let p = 42 - 24. Suppose 0 = 3*b - p - 6. What is the remainder when 39 is divided by b?
7
What is the remainder when 321 is divided by 6*(20/10 - 10/(-4))?
24
Let w = 9 + -11. Let c be ((-4)/8)/(w/(-120)). What is the remainder when 35 is divided by (-3 - c)*2/6?
8
Let r(u) = u**3 + 11*u**2 + 4*u - 23. Calculate the remainder when 92 is divided by r(-10).
18
Suppose -9*m = -12*m + 5*p + 56, -3*m = -2*p - 71. What is the remainder when 671 is divided by m?
23
Suppose 8 = -11*c + 129. Calculate the remainder when 26 is divided by c.
4
Let q = 104 - 68. Let i = q - 4. Calculate the remainder when i is divided by 20/(-50) + 114/10.
10
Let w(h) = h**3 - 5*h**2 - 5*h + 17. What is the remainder when 229 is divided by w(6)?
22
Let i(x) be the first derivative of x**2 - x - 2. What is the remainder when i(8) is divided by 8?
7
Suppose -4*x = -2*x + 2. Let l be 20/110 + 62/22. What is the remainder when 80 is divided by (-10 + 1)/(x/l)?
26
Let n = 81 - 79. Suppose 5*y - n*t - 457 = 0, -32 = -4*y + 3*t + 335. Calculate the remainder when y is divided by 19.
15
What is the remainder when 106 is divided by (10/(-4))/(14/(-56))?
6
Let w(n) = -n**3 + 3*n**2 + 2*n - 1. Let g be (54/15 + -3)*30. Suppose 4*m - g = 118. Calculate the remainder when m is divided by w(2).
6
Let c = 638 - 630. Let m(x) = 7*x**3 - x - 2. Let y be m(2). Let j = y - 23. What is the remainder when j is divided by c?
5
Suppose 17*i - 14*i - 18 = 0. Calculate the remainder when 33 is divided by i.
3
Let p(n) = -n**3 + 7*n**2 + 2*n + 4. Let t be p(7). Let l = 42 + -19. Calculate the remainder when 816/t - 1/3 is divided by l.
22
Let x = -419 - -432. Calculate the remainder when 114 is divided by x.
10
What is the remainder when 142 is divided by 10/4*(-2376)/(-165)?
34
Suppose 0 = 5*m + 25 - 5. Let q = 4 + m. Suppose 10 = 2*v - h, q*v + 2*h = -v + 5. Calculate the remainder when 18 is divided by v.
3
Let x = -27 + 44. Let q = -10019 - -10084. What is the remainder when q is divided by x?
14
Suppose 9*v + 8*v + 221 = 0. Let p = 17 + v. Calculate the remainder when 28 is divided by p.
0
Let o(r) = 80*r + 15. Calculate the remainder when o(1) is divided by 12.
11
Let f(g) = g**3 - 61*g**2 - 127*g + 80. Calculate the remainder when 439 is divided by f(63).
14
Suppose 4*h + 29 = 3*v, 2*v - 13 = 3*h + 6. What is the remainder when (-1 + 58)/(-3)*-1 is divided by v?
8
Let z(l) = 22*l**2 + 20*l - 45. What is the remainder when z(2) is divided by 12?
11
Calculate the remainder when 69 is divided by 3 - ((-15 - 3 - -2) + 6).
4
What is the remainder when 126 is divided by (-19)/(-1) + (-12)/4?
14
Suppose 17 = 8*h - 175. Let p(b) = -65*b + 10. What is the remainder when p(-2) is divided by h?
20
Let z(o) = -o**3 - 18*o**2 - 17*o + 8. Suppose -3*a = 5*h - 73, -16 = -h + 3*a - 5*a. Calculate the remainder when h is divided by z(-17).
6
Let n = -80 + 50. Let z = -25 - n. Calculate the remainder when 8 is divided by z.
3
Let u be 10/(-35) + 37/7. Suppose -u*m = -4*k - 245, -4*m + 131 + 56 = -5*k. Let i = m - 34. Calculate the remainder when i is divided by 5.
4
Let x be (2 + 1 + -2)/((-7)/(-21)). Suppose 6 = x*p - 2*j, 0 = 8*j - 4*j - 12. What is the remainder when 29 is divided by p?
1
What is the remainder when 144/120*(-7120)/(-24) is divided by 111?
23
Let k(m) = 8*m. Let d(r) = 4*r**3 - r**2 + 1. Let f be d(-1). Let w(p) = -2*p**3 - 6*p**2 - 2*p + 6. Calculate the remainder when w(f) is divided by k(3).
22
Let u(l) = 2*l**2 - l - 9. Let r be u(0). Let c(g) = -g**2 - 10*g + 5. Calculate the remainder when 2/6*(123 + r) is divided by c(-9).
10
Let i(w) = w**3 - 20*w**2 + 21*w + 26. What is the remainder when 191 is divided by i(19)?
63
Let p(i) = -1. Let m(s) = -8*s - 12. Let b(f) = -m(f) + 6*p(f). What is the remainder when b(4) is divided by 20?
18
Let p = -28 + 33. Suppose -2*g + 7*g - 5 = 4*a, 0 = g - p*a + 20. Let j(q) = -q**3 - 3*q**2 - 3*q - 1. Calculate the remainder when j(-3) is divided by g.
3
Suppose -5*u + 5*b + 15 = -0, 3*b + 7 = 4*u. Let c(x) = 6*x**2 - 2*x + 1. What is the remainder when c(u) is divided by 38/(-8) + (-3)/(-4) + 14?
9
Let i(v) = v**3 + 61*v**2 - 3*v - 174. Let r(b) = -b + 2. Calculate the remainder when i(-61) is divided by r(-4).
3
Calculate the remainder when 70 is divided by (-19 - -1)*(8 + -3)/(-5).
16
Let d(m) = m**2 + 3*m - 3. Let o be d(4). Let i = -7 + o. Let f = 119 + -66. What is the remainder when f is divided by i?
17
Let v(h) = h**3 + 12*h**2 + 11*h. What is the remainder when 